{"id":1985,"date":"2023-11-22T20:20:46","date_gmt":"2023-11-22T20:20:46","guid":{"rendered":"https:\/\/mesabuitrera.org\/?page_id=1985"},"modified":"2024-07-12T22:29:36","modified_gmt":"2024-07-12T22:29:36","slug":"asambleas","status":"publish","type":"page","link":"https:\/\/mesabuitrera.org\/index.php\/asambleas\/","title":{"rendered":"Asambleas"},"content":{"rendered":"\t\t<div data-elementor-type=\"wp-page\" data-elementor-id=\"1985\" class=\"elementor elementor-1985\" data-elementor-post-type=\"page\">\n\t\t\t\t<div class=\"elementor-element elementor-element-8450a26 e-flex e-con-boxed e-con e-parent\" data-id=\"8450a26\" data-element_type=\"container\" data-e-type=\"container\">\n\t\t\t\t\t<div class=\"e-con-inner\">\n\t\t\t\t<div class=\"elementor-element elementor-element-40c8118 elementor-widget elementor-widget-heading\" data-id=\"40c8118\" data-element_type=\"widget\" data-e-type=\"widget\" data-widget_type=\"heading.default\">\n\t\t\t\t<div class=\"elementor-widget-container\">\n\t\t\t\t\t<h2 class=\"elementor-heading-title elementor-size-default\">Asambleas<\/h2>\t\t\t\t<\/div>\n\t\t\t\t<\/div>\n\t\t\t\t\t<\/div>\n\t\t\t\t<\/div>\n\t\t<div class=\"elementor-element elementor-element-04558d9 e-flex e-con-boxed e-con e-parent\" data-id=\"04558d9\" data-element_type=\"container\" data-e-type=\"container\">\n\t\t\t\t\t<div class=\"e-con-inner\">\n\t\t<div class=\"elementor-element elementor-element-e67a99d e-con-full e-flex e-con e-child\" data-id=\"e67a99d\" data-element_type=\"container\" data-e-type=\"container\">\n\t\t\t\t<div class=\"elementor-element elementor-element-c181ee3 elementor-widget elementor-widget-text-editor\" data-id=\"c181ee3\" data-element_type=\"widget\" data-e-type=\"widget\" data-widget_type=\"text-editor.default\">\n\t\t\t\t<div class=\"elementor-widget-container\">\n\t\t\t\t\t\t\t\t\t<p>Luego de tres meses de an\u00e1lisis t\u00e9cnico sobre la iniciativa de convertir a Cali en Distrito Especial, los habitantes del corregimiento de La Buitrera rechazamos la propuesta formulada por Planeaci\u00f3n Municipal que en vez de mejorar la situaci\u00f3n, la puede empeorar.\u00a0Aunque el prop\u00f3sito de convertir a Cali en Distrito Especial tiene de bueno que incentiva la participaci\u00f3n popular y acerca la administraci\u00f3n municipal a los ciudadanos, la realidad es que con sus art\u00edculos, como est\u00e1n redactados, pasa lo contrario. Las localidades tendr\u00edan alcalde local y ediles pagos y ese es un costo adicional al que ya se asume con el Concejo para un municipio con dificultades presupuestales. Si los corregimientos ya existen como localidades para qu\u00e9 hay que inventarse otras. El hecho de crear una mega localidad, unificando las que existen, puede tener el efecto de reducir la participaci\u00f3n popular y alejar al ciudadano de sus ediles.<\/p><p>En La Buitrera, somos los propios habitantes los que estamos administrando el territorio porque el gobierno municipal no llega hasta aqu\u00ed. Como comunidad nos organizamos para resolver nuestras necesidades de acueducto, v\u00edas, medioambiente, abastecimiento y as\u00ed han funcionado durante muchos a\u00f1os.\u00a0Se necesita mejorar la administraci\u00f3n del territorio porque lo que hay es el caos, ya han involucrado el corregimiento con la zona urbana. Nunca hubo una planeaci\u00f3n y administraci\u00f3n. No ha existido. Han construido enormes colegios aqu\u00ed, lo cual es bueno, pero tienen que verificar que haya carretera que llegue aqu\u00ed; agua de calidad para los muchachos; electricidad para funcionar y nada de eso hay. Eso es un caos citadino que nos lleg\u00f3 a la zona rural, atra\u00eddos por la naturaleza.<\/p><p>Los habitantes de La Buitrera reconocemos que hay que convivir con la expansi\u00f3n urbana, pero debe hacerse de forma organizada. La Ley 1617 (de Distrito para Cali) no es adecuada y la Administraci\u00f3n est\u00e1 pensando en solicitar algunas modificaciones a ella. En corregimientos de 10.000 habitantes la Administraci\u00f3n escoge el corregidor, pero si pasamos a una localidad con 100.000 habitantes, desde La Elvira a El Hormiguero, es la gente la que va a tener que escoger un corregidor con conocimiento de causa. Son detalles que no cuadran y lo que queremos es trabajar con Planeaci\u00f3n Municipal esos detalles.<\/p><p>Hay algunas incoherencias que deben ser aclaradas desde el CAM, como por ejemplo que, si bien el presupuesto total de la Alcald\u00eda -ingresos corrientes, entre recaudos y situado fiscal- es superior a 4 billones de pesos al a\u00f1o. La Ley 1617, en su art\u00edculo 64 se\u00f1ala que \u201cno menos del 10 % de los ingresos corrientes del presupuesto de la Administraci\u00f3n central del Distrito se asignar\u00e1 a las localidades\u201d. Sin embargo, Planeaci\u00f3n considera como presupuesto-base $1,1 bill\u00f3n que son los \u201cingresos de libre destinaci\u00f3n\u201d (no los corrientes) del cual 10 % financiar\u00eda las localidades luego de descontar el servicio de la deuda y menos presupuesto participativo. Al final solo $41.000 millones quedar\u00e1n para localidades, lo que representa 16.500 pesos por habitante por a\u00f1o y el 1 % del presupuesto de la Alcald\u00eda de Cali.<\/p><p>Estas equivocaciones solo se pueden remediar si la Alcald\u00eda de Cali realiza un proceso de descentralizaci\u00f3n, permitiendo mayor autonom\u00eda a los corregimientos. Para dar legitimidad al proceso decidimos socializar la investigaci\u00f3n y sus conclusiones en las cuatro veredas de La Buitrera convocando a Asamblea General. All\u00ed se expusieron cuatro propuestas con el prop\u00f3sito de concretar la m\u00e1s viable para ser presentada ante la alcald\u00eda. De estas opciones, con un 34,5 %, la escogida por la comunidad fue la creaci\u00f3n de nuestra propia localidad rural conformada por las veredas de Pueblo Nuevo, El Plan, El Rosario y El Oto\u00f1o que, aunque peque\u00f1a, puede llegar a ser ejemplo de modelo de descentralizaci\u00f3n, con normas adaptadas al territorio, proporcionando Centros de Atenci\u00f3n Local Integrados, Unidad T\u00e9cnica, Curadur\u00eda rural, etc.<\/p><p>La segunda opci\u00f3n m\u00e1s seleccionada fue la de volvernos municipio independiente.<\/p>\t\t\t\t\t\t\t\t<\/div>\n\t\t\t\t<\/div>\n\t\t\t\t<\/div>\n\t\t<div class=\"elementor-element elementor-element-55c8296 e-con-full e-flex e-con e-child\" data-id=\"55c8296\" data-element_type=\"container\" data-e-type=\"container\">\n\t\t\t\t<div class=\"elementor-element elementor-element-7be0a93 elementor-widget elementor-widget-heading\" data-id=\"7be0a93\" data-element_type=\"widget\" data-e-type=\"widget\" data-widget_type=\"heading.default\">\n\t\t\t\t<div class=\"elementor-widget-container\">\n\t\t\t\t\t<h2 class=\"elementor-heading-title elementor-size-default\">Registro de las asambleas<\/h2>\t\t\t\t<\/div>\n\t\t\t\t<\/div>\n\t\t\t\t<div class=\"elementor-element elementor-element-1008f13 elementor-grid-1 elementor-posts--thumbnail-none elementor-grid-tablet-2 elementor-grid-mobile-1 elementor-widget elementor-widget-posts\" data-id=\"1008f13\" data-element_type=\"widget\" data-e-type=\"widget\" data-settings=\"{&quot;classic_columns&quot;:&quot;1&quot;,&quot;classic_row_gap&quot;:{&quot;unit&quot;:&quot;px&quot;,&quot;size&quot;:0,&quot;sizes&quot;:[]},&quot;classic_columns_tablet&quot;:&quot;2&quot;,&quot;classic_columns_mobile&quot;:&quot;1&quot;,&quot;classic_row_gap_tablet&quot;:{&quot;unit&quot;:&quot;px&quot;,&quot;size&quot;:&quot;&quot;,&quot;sizes&quot;:[]},&quot;classic_row_gap_mobile&quot;:{&quot;unit&quot;:&quot;px&quot;,&quot;size&quot;:&quot;&quot;,&quot;sizes&quot;:[]}}\" data-widget_type=\"posts.classic\">\n\t\t\t\t<div class=\"elementor-widget-container\">\n\t\t\t\t\t\t\t<div class=\"elementor-posts-container elementor-posts elementor-posts--skin-classic elementor-grid\" role=\"list\">\n\t\t\t\t<article class=\"elementor-post elementor-grid-item post-3705 post type-post status-publish format-standard hentry category-asamblea-3 category-asamblea-general\" role=\"listitem\">\n\t\t\t\t<div class=\"elementor-post__text\">\n\t\t\t\t<h3 class=\"elementor-post__title\">\n\t\t\t<a href=\"https:\/\/mesabuitrera.org\/index.php\/2023\/10\/14\/asamblea-no-3-del-14-de-octubre-de-2023\/\" >\n\t\t\t\tAsamblea No. 3 del 14 de octubre de 2023\t\t\t<\/a>\n\t\t<\/h3>\n\t\t\t\t<\/div>\n\t\t\t\t<\/article>\n\t\t\t\t<article class=\"elementor-post elementor-grid-item post-3689 post type-post status-publish format-standard hentry category-asamblea-2 category-asamblea-general\" role=\"listitem\">\n\t\t\t\t<div class=\"elementor-post__text\">\n\t\t\t\t<h3 class=\"elementor-post__title\">\n\t\t\t<a href=\"https:\/\/mesabuitrera.org\/index.php\/2023\/04\/29\/asamblea-no-2-del-29-de-abril-de-2023\/\" >\n\t\t\t\tAsamblea No. 2 del 29 de abril de 2023\t\t\t<\/a>\n\t\t<\/h3>\n\t\t\t\t<\/div>\n\t\t\t\t<\/article>\n\t\t\t\t<article class=\"elementor-post elementor-grid-item post-3654 post type-post status-publish format-standard hentry category-asamblea-1 category-asamblea-general\" role=\"listitem\">\n\t\t\t\t<div class=\"elementor-post__text\">\n\t\t\t\t<h3 class=\"elementor-post__title\">\n\t\t\t<a href=\"https:\/\/mesabuitrera.org\/index.php\/2022\/05\/21\/asamblea-no-1-del-21-de-mayo-de-2022\/\" >\n\t\t\t\tAsamblea No. 1 del 21 de mayo de 2022\t\t\t<\/a>\n\t\t<\/h3>\n\t\t\t\t<\/div>\n\t\t\t\t<\/article>\n\t\t\t\t<\/div>\n\t\t\n\t\t\t\t\t\t<\/div>\n\t\t\t\t<\/div>\n\t\t\t\t<\/div>\n\t\t\t\t\t<\/div>\n\t\t\t\t<\/div>\n\t\t<div class=\"elementor-element elementor-element-576ca85 e-flex e-con-boxed e-con e-parent\" data-id=\"576ca85\" data-element_type=\"container\" data-e-type=\"container\">\n\t\t\t\t\t<div class=\"e-con-inner\">\n\t\t\t\t\t<\/div>\n\t\t\t\t<\/div>\n\t\t\t\t<\/div>\n\t\t","protected":false},"excerpt":{"rendered":"<p>Asambleas Luego de tres meses de an\u00e1lisis t\u00e9cnico sobre la iniciativa de convertir a Cali en Distrito Especial, los habitantes del corregimiento de La Buitrera<\/p>\n","protected":false},"author":1,"featured_media":0,"parent":0,"menu_order":0,"comment_status":"closed","ping_status":"closed","template":"","meta":{"_acf_changed":false,"om_disable_all_campaigns":false,"_monsterinsights_skip_tracking":false,"_monsterinsights_sitenote_active":false,"_monsterinsights_sitenote_note":"","_monsterinsights_sitenote_category":0,"footnotes":""},"class_list":["post-1985","page","type-page","status-publish","hentry"],"acf":[],"aioseo_notices":[],"_links":{"self":[{"href":"https:\/\/mesabuitrera.org\/index.php\/wp-json\/wp\/v2\/pages\/1985","targetHints":{"allow":["GET"]}}],"collection":[{"href":"https:\/\/mesabuitrera.org\/index.php\/wp-json\/wp\/v2\/pages"}],"about":[{"href":"https:\/\/mesabuitrera.org\/index.php\/wp-json\/wp\/v2\/types\/page"}],"author":[{"embeddable":true,"href":"https:\/\/mesabuitrera.org\/index.php\/wp-json\/wp\/v2\/users\/1"}],"replies":[{"embeddable":true,"href":"https:\/\/mesabuitrera.org\/index.php\/wp-json\/wp\/v2\/comments?post=1985"}],"version-history":[{"count":46,"href":"https:\/\/mesabuitrera.org\/index.php\/wp-json\/wp\/v2\/pages\/1985\/revisions"}],"predecessor-version":[{"id":3736,"href":"https:\/\/mesabuitrera.org\/index.php\/wp-json\/wp\/v2\/pages\/1985\/revisions\/3736"}],"wp:attachment":[{"href":"https:\/\/mesabuitrera.org\/index.php\/wp-json\/wp\/v2\/media?parent=1985"}],"curies":[{"name":"wp","href":"https:\/\/api.w.org\/{rel}","templated":true}]}}

<div data-elementor-type="wp-page" data-elementor-id="1985" class="elementor elementor-1985" data-elementor-post-type="page">
				<div class="elementor-element elementor-element-8450a26 e-flex e-con-boxed e-con e-parent" data-id="8450a26" data-element_type="container" data-e-type="container">
					<div class="e-con-inner">
				<div class="elementor-element elementor-element-40c8118 elementor-widget elementor-widget-heading" data-id="40c8118" data-element_type="widget" data-e-type="widget" data-widget_type="heading.default">
				<div class="elementor-widget-container">
					<h2 class="elementor-heading-title elementor-size-default">Asambleas</h2>				</div>
				</div>
					</div>
				</div>
		<div class="elementor-element elementor-element-04558d9 e-flex e-con-boxed e-con e-parent" data-id="04558d9" data-element_type="container" data-e-type="container">
					<div class="e-con-inner">
		<div class="elementor-element elementor-element-e67a99d e-con-full e-flex e-con e-child" data-id="e67a99d" data-element_type="container" data-e-type="container">
				<div class="elementor-element elementor-element-c181ee3 elementor-widget elementor-widget-text-editor" data-id="c181ee3" data-element_type="widget" data-e-type="widget" data-widget_type="text-editor.default">
				<div class="elementor-widget-container">
									<p>Luego de tres meses de análisis técnico sobre la iniciativa de convertir a Cali en Distrito Especial, los habitantes del corregimiento de La Buitrera rechazamos la propuesta formulada por Planeación Municipal que en vez de mejorar la situación, la puede empeorar. Aunque el propósito de convertir a Cali en Distrito Especial tiene de bueno que incentiva la participación popular y acerca la administración municipal a los ciudadanos, la realidad es que con sus artículos, como están redactados, pasa lo contrario. Las localidades tendrían alcalde local y ediles pagos y ese es un costo adicional al que ya se asume con el Concejo para un municipio con dificultades presupuestales. Si los corregimientos ya existen como localidades para qué hay que inventarse otras. El hecho de crear una mega localidad, unificando las que existen, puede tener el efecto de reducir la participación popular y alejar al ciudadano de sus ediles.</p><p>En La Buitrera, somos los propios habitantes los que estamos administrando el territorio porque el gobierno municipal no llega hasta aquí. Como comunidad nos organizamos para resolver nuestras necesidades de acueducto, vías, medioambiente, abastecimiento y así han funcionado durante muchos años. Se necesita mejorar la administración del territorio porque lo que hay es el caos, ya han involucrado el corregimiento con la zona urbana. Nunca hubo una planeación y administración. No ha existido. Han construido enormes colegios aquí, lo cual es bueno, pero tienen que verificar que haya carretera que llegue aquí; agua de calidad para los muchachos; electricidad para funcionar y nada de eso hay. Eso es un caos citadino que nos llegó a la zona rural, atraídos por la naturaleza.</p><p>Los habitantes de La Buitrera reconocemos que hay que convivir con la expansión urbana, pero debe hacerse de forma organizada. La Ley 1617 (de Distrito para Cali) no es adecuada y la Administración está pensando en solicitar algunas modificaciones a ella. En corregimientos de 10.000 habitantes la Administración escoge el corregidor, pero si pasamos a una localidad con 100.000 habitantes, desde La Elvira a El Hormiguero, es la gente la que va a tener que escoger un corregidor con conocimiento de causa. Son detalles que no cuadran y lo que queremos es trabajar con Planeación Municipal esos detalles.</p><p>Hay algunas incoherencias que deben ser aclaradas desde el CAM, como por ejemplo que, si bien el presupuesto total de la Alcaldía -ingresos corrientes, entre recaudos y situado fiscal- es superior a 4 billones de pesos al año. La Ley 1617, en su artículo 64 señala que “no menos del 10 % de los ingresos corrientes del presupuesto de la Administración central del Distrito se asignará a las localidades”. Sin embargo, Planeación considera como presupuesto-base $1,1 billón que son los “ingresos de libre destinación” (no los corrientes) del cual 10 % financiaría las localidades luego de descontar el servicio de la deuda y menos presupuesto participativo. Al final solo $41.000 millones quedarán para localidades, lo que representa 16.500 pesos por habitante por año y el 1 % del presupuesto de la Alcaldía de Cali.</p><p>Estas equivocaciones solo se pueden remediar si la Alcaldía de Cali realiza un proceso de descentralización, permitiendo mayor autonomía a los corregimientos. Para dar legitimidad al proceso decidimos socializar la investigación y sus conclusiones en las cuatro veredas de La Buitrera convocando a Asamblea General. Allí se expusieron cuatro propuestas con el propósito de concretar la más viable para ser presentada ante la alcaldía. De estas opciones, con un 34,5 %, la escogida por la comunidad fue la creación de nuestra propia localidad rural conformada por las veredas de Pueblo Nuevo, El Plan, El Rosario y El Otoño que, aunque pequeña, puede llegar a ser ejemplo de modelo de descentralización, con normas adaptadas al territorio, proporcionando Centros de Atención Local Integrados, Unidad Técnica, Curaduría rural, etc.</p><p>La segunda opción más seleccionada fue la de volvernos municipio independiente.</p>								</div>
				</div>
				</div>
		<div class="elementor-element elementor-element-55c8296 e-con-full e-flex e-con e-child" data-id="55c8296" data-element_type="container" data-e-type="container">
				<div class="elementor-element elementor-element-7be0a93 elementor-widget elementor-widget-heading" data-id="7be0a93" data-element_type="widget" data-e-type="widget" data-widget_type="heading.default">
				<div class="elementor-widget-container">
					<h2 class="elementor-heading-title elementor-size-default">Registro de las asambleas</h2>				</div>
				</div>
				<div class="elementor-element elementor-element-1008f13 elementor-grid-1 elementor-posts--thumbnail-none elementor-grid-tablet-2 elementor-grid-mobile-1 elementor-widget elementor-widget-posts" data-id="1008f13" data-element_type="widget" data-e-type="widget" data-settings="{&quot;classic_columns&quot;:&quot;1&quot;,&quot;classic_row_gap&quot;:{&quot;unit&quot;:&quot;px&quot;,&quot;size&quot;:0,&quot;sizes&quot;:[]},&quot;classic_columns_tablet&quot;:&quot;2&quot;,&quot;classic_columns_mobile&quot;:&quot;1&quot;,&quot;classic_row_gap_tablet&quot;:{&quot;unit&quot;:&quot;px&quot;,&quot;size&quot;:&quot;&quot;,&quot;sizes&quot;:[]},&quot;classic_row_gap_mobile&quot;:{&quot;unit&quot;:&quot;px&quot;,&quot;size&quot;:&quot;&quot;,&quot;sizes&quot;:[]}}" data-widget_type="posts.classic">
				<div class="elementor-widget-container">
							<div class="elementor-posts-container elementor-posts elementor-posts--skin-classic elementor-grid" role="list">
				<article class="elementor-post elementor-grid-item post-3705 post type-post status-publish format-standard hentry category-asamblea-3 category-asamblea-general" role="listitem">
				<div class="elementor-post__text">
				<h3 class="elementor-post__title">
			<a href="https://mesabuitrera.org/index.php/2023/10/14/asamblea-no-3-del-14-de-octubre-de-2023/" >
				Asamblea No. 3 del 14 de octubre de 2023			</a>
		</h3>
				</div>
				</article>
				<article class="elementor-post elementor-grid-item post-3689 post type-post status-publish format-standard hentry category-asamblea-2 category-asamblea-general" role="listitem">
				<div class="elementor-post__text">
				<h3 class="elementor-post__title">
			<a href="https://mesabuitrera.org/index.php/2023/04/29/asamblea-no-2-del-29-de-abril-de-2023/" >
				Asamblea No. 2 del 29 de abril de 2023			</a>
		</h3>
				</div>
				</article>
				<article class="elementor-post elementor-grid-item post-3654 post type-post status-publish format-standard hentry category-asamblea-1 category-asamblea-general" role="listitem">
				<div class="elementor-post__text">
				<h3 class="elementor-post__title">
			<a href="https://mesabuitrera.org/index.php/2022/05/21/asamblea-no-1-del-21-de-mayo-de-2022/" >
				Asamblea No. 1 del 21 de mayo de 2022			</a>
		</h3>
				</div>
				</article>
				</div>
		
						</div>
				</div>
				</div>
					</div>
				</div>
		<div class="elementor-element elementor-element-576ca85 e-flex e-con-boxed e-con e-parent" data-id="576ca85" data-element_type="container" data-e-type="container">
					<div class="e-con-inner">
					</div>
				</div>
				</div>

<p>Asambleas Luego de tres meses de análisis técnico sobre la iniciativa de convertir a Cali en Distrito Especial, los habitantes del corregimiento de La Buitrera</p>
