{"id":4789,"date":"2025-05-14T22:00:21","date_gmt":"2025-05-14T22:00:21","guid":{"rendered":"https:\/\/mesabuitrera.org\/?page_id=4789"},"modified":"2026-01-28T19:23:29","modified_gmt":"2026-01-28T19:23:29","slug":"comite-catastro-y-tierras","status":"publish","type":"page","link":"https:\/\/mesabuitrera.org\/index.php\/comite-catastro-y-tierras\/","title":{"rendered":"Comit\u00e9 Catastro y Tierras"},"content":{"rendered":"\t\t<div data-elementor-type=\"wp-page\" data-elementor-id=\"4789\" class=\"elementor elementor-4789\" data-elementor-post-type=\"page\">\n\t\t\t\t<div class=\"elementor-element elementor-element-4fe05a3 e-flex e-con-boxed e-con e-parent\" data-id=\"4fe05a3\" data-element_type=\"container\" data-e-type=\"container\">\n\t\t\t\t\t<div class=\"e-con-inner\">\n\t\t<div class=\"elementor-element elementor-element-8f9a769 e-con-full e-flex e-con e-child\" data-id=\"8f9a769\" data-element_type=\"container\" data-e-type=\"container\">\n\t\t\t\t<div class=\"elementor-element elementor-element-66fcdc5 elementor-widget elementor-widget-heading\" data-id=\"66fcdc5\" data-element_type=\"widget\" data-e-type=\"widget\" data-widget_type=\"heading.default\">\n\t\t\t\t<div class=\"elementor-widget-container\">\n\t\t\t\t\t<h2 class=\"elementor-heading-title elementor-size-default\">Comit\u00e9 Catastro y Tierras<\/h2>\t\t\t\t<\/div>\n\t\t\t\t<\/div>\n\t\t\t\t<div class=\"elementor-element elementor-element-b025c4b elementor-widget elementor-widget-text-editor\" data-id=\"b025c4b\" data-element_type=\"widget\" data-e-type=\"widget\" data-widget_type=\"text-editor.default\">\n\t\t\t\t<div class=\"elementor-widget-container\">\n\t\t\t\t\t\t\t\t\t<h5>Delegado Principal: Peter Brabers<\/h5><h5 class=\"wp-block-heading\">Delegado Suplente: Marcos Duque<\/h5><p><!-- \/wp:heading --><\/p>\t\t\t\t\t\t\t\t<\/div>\n\t\t\t\t<\/div>\n\t\t\t\t<div class=\"elementor-element elementor-element-bda1a22 elementor-widget elementor-widget-text-editor\" data-id=\"bda1a22\" data-element_type=\"widget\" data-e-type=\"widget\" data-widget_type=\"text-editor.default\">\n\t\t\t\t<div class=\"elementor-widget-container\">\n\t\t\t\t\t\t\t\t\t<p><img fetchpriority=\"high\" decoding=\"async\" class=\" wp-image-4460 alignright\" src=\"http:\/\/mesabuitrera.org\/wp-content\/uploads\/2024\/11\/241102-mapa-2-portada-210x300.webp\" alt=\"\" width=\"312\" height=\"446\" srcset=\"https:\/\/mesabuitrera.org\/wp-content\/uploads\/2024\/11\/241102-mapa-2-portada-210x300.webp 210w, https:\/\/mesabuitrera.org\/wp-content\/uploads\/2024\/11\/241102-mapa-2-portada-717x1024.webp 717w, https:\/\/mesabuitrera.org\/wp-content\/uploads\/2024\/11\/241102-mapa-2-portada-768x1097.webp 768w, https:\/\/mesabuitrera.org\/wp-content\/uploads\/2024\/11\/241102-mapa-2-portada-1075x1536.webp 1075w, https:\/\/mesabuitrera.org\/wp-content\/uploads\/2024\/11\/241102-mapa-2-portada-1434x2048.webp 1434w, https:\/\/mesabuitrera.org\/wp-content\/uploads\/2024\/11\/241102-mapa-2-portada-scaled.webp 1792w\" sizes=\"(max-width: 312px) 100vw, 312px\" \/>La Mesa de Gobernanza de la Buitrera tiene un comit\u00e9 de ordenamiento territorial o de regulaci\u00f3n y protecci\u00f3n de tierras.<\/p><p>El prop\u00f3sito de este comit\u00e9 es de contribuir al control del uso debido del territorio siguiendo las normas del POT y del POMCA de manera siguiente:<\/p><ul><li>Servicio de mapeo topogr\u00e1fico<\/li><li>Apoyar la poblaci\u00f3n con sus denuncias de invasiones, construcciones ilegales y delitos ambientales<\/li><li>Articular con las instituciones municipales: corregidor, polic\u00eda, Secretaria de Seguridad y Justicia, Administraci\u00f3n de Gesti\u00f3n de Bienes y Servicios, CVC, Dagma, Catastro,\u2026<\/li><li>Veedur\u00eda de las actuaciones de las instituciones municipales en sus deberes de ordenamiento territorial<\/li><li>Apoyar el desarrollo y actualizaci\u00f3n del Observatorio Ambiental como herramienta de ordenamiento territorial<\/li><li>Promover la creaci\u00f3n de comit\u00e9s de tierras en las veredas y articular con ellos<\/li><\/ul><p>\u00a0<\/p><p>Delegado 2025: Dr. Ir. Peteralv Brabers<br \/>Contacto: 300-3050795<\/p>\t\t\t\t\t\t\t\t<\/div>\n\t\t\t\t<\/div>\n\t\t\t\t<\/div>\n\t\t\t\t\t<\/div>\n\t\t\t\t<\/div>\n\t\t\t\t<\/div>\n\t\t","protected":false},"excerpt":{"rendered":"<p>Comit\u00e9 Catastro y Tierras Delegado Principal: Peter Brabers Delegado Suplente: Marcos Duque La Mesa de Gobernanza de la Buitrera tiene un comit\u00e9 de ordenamiento territorial o de regulaci\u00f3n y protecci\u00f3n de tierras. El prop\u00f3sito de este comit\u00e9 es de contribuir al control del uso debido del territorio siguiendo las normas del POT y del POMCA [&hellip;]<\/p>\n","protected":false},"author":1,"featured_media":0,"parent":0,"menu_order":0,"comment_status":"closed","ping_status":"closed","template":"","meta":{"_acf_changed":false,"om_disable_all_campaigns":false,"_monsterinsights_skip_tracking":false,"_monsterinsights_sitenote_active":false,"_monsterinsights_sitenote_note":"","_monsterinsights_sitenote_category":0,"footnotes":""},"class_list":["post-4789","page","type-page","status-publish","hentry"],"acf":[],"aioseo_notices":[],"_links":{"self":[{"href":"https:\/\/mesabuitrera.org\/index.php\/wp-json\/wp\/v2\/pages\/4789","targetHints":{"allow":["GET"]}}],"collection":[{"href":"https:\/\/mesabuitrera.org\/index.php\/wp-json\/wp\/v2\/pages"}],"about":[{"href":"https:\/\/mesabuitrera.org\/index.php\/wp-json\/wp\/v2\/types\/page"}],"author":[{"embeddable":true,"href":"https:\/\/mesabuitrera.org\/index.php\/wp-json\/wp\/v2\/users\/1"}],"replies":[{"embeddable":true,"href":"https:\/\/mesabuitrera.org\/index.php\/wp-json\/wp\/v2\/comments?post=4789"}],"version-history":[{"count":38,"href":"https:\/\/mesabuitrera.org\/index.php\/wp-json\/wp\/v2\/pages\/4789\/revisions"}],"predecessor-version":[{"id":4848,"href":"https:\/\/mesabuitrera.org\/index.php\/wp-json\/wp\/v2\/pages\/4789\/revisions\/4848"}],"wp:attachment":[{"href":"https:\/\/mesabuitrera.org\/index.php\/wp-json\/wp\/v2\/media?parent=4789"}],"curies":[{"name":"wp","href":"https:\/\/api.w.org\/{rel}","templated":true}]}}