{"id":777,"date":"2023-10-19T22:57:14","date_gmt":"2023-10-19T22:57:14","guid":{"rendered":"https:\/\/mesabuitrera.org\/?page_id=777"},"modified":"2025-02-12T11:13:34","modified_gmt":"2025-02-12T11:13:34","slug":"junta-de-accion-comunal-jac-vereda-el-otono","status":"publish","type":"page","link":"https:\/\/mesabuitrera.org\/index.php\/miembros\/juntas-de-accion-comunal-jac\/junta-de-accion-comunal-jac-vereda-el-otono\/","title":{"rendered":"Junta de Acci\u00f3n Comunal -JAC- vereda El Oto\u00f1o &#8211; Herberth Gait\u00e1n   Suplente: Carlos Alvarez"},"content":{"rendered":"\t\t<div data-elementor-type=\"wp-page\" data-elementor-id=\"777\" class=\"elementor elementor-777\" data-elementor-post-type=\"page\">\n\t\t\t\t<div class=\"elementor-element elementor-element-1eade79 e-flex e-con-boxed e-con e-parent\" data-id=\"1eade79\" data-element_type=\"container\" data-e-type=\"container\">\n\t\t\t\t\t<div class=\"e-con-inner\">\n\t\t\t\t<div class=\"elementor-element elementor-element-e189fa9 elementor-widget elementor-widget-heading\" data-id=\"e189fa9\" data-element_type=\"widget\" data-e-type=\"widget\" data-widget_type=\"heading.default\">\n\t\t\t\t<div class=\"elementor-widget-container\">\n\t\t\t\t\t<h2 class=\"elementor-heading-title elementor-size-default\">Junta de Acci\u00f3n Comunal - JAC,  El Oto\u00f1o<\/h2>\t\t\t\t<\/div>\n\t\t\t\t<\/div>\n\t\t\t\t<div class=\"elementor-element elementor-element-14d1740 elementor-widget elementor-widget-text-editor\" data-id=\"14d1740\" data-element_type=\"widget\" data-e-type=\"widget\" data-widget_type=\"text-editor.default\">\n\t\t\t\t<div class=\"elementor-widget-container\">\n\t\t\t\t\t\t\t\t\t<h5>Herberth Gait\u00e1n Suplente: Carlos Alvarez<\/h5>\t\t\t\t\t\t\t\t<\/div>\n\t\t\t\t<\/div>\n\t\t\t\t<div class=\"elementor-element elementor-element-00c8f24 elementor-widget elementor-widget-text-editor\" data-id=\"00c8f24\" data-element_type=\"widget\" data-e-type=\"widget\" data-widget_type=\"text-editor.default\">\n\t\t\t\t<div class=\"elementor-widget-container\">\n\t\t\t\t\t\t\t\t\t<p>\u201cSomos ricos, pero no todo el mundo lo sabe. Tenemos una gran riqueza h\u00eddrica, riqueza en fauna y flora, tenemos las mejores aves silvestres, las mejores mariposas de todos los colores, el aire 100 por ciento puro\u2026\u201d El Oto\u00f1o es una vereda poco poblada al borde del Parque Nacional, donde habitan unas 50 familias.<img fetchpriority=\"high\" decoding=\"async\" class=\" wp-image-783 alignright\" src=\"http:\/\/mesabuitrera.org\/wp-content\/uploads\/2023\/10\/el-otono-300x166.jpg\" alt=\"\" width=\"436\" height=\"241\" srcset=\"https:\/\/mesabuitrera.org\/wp-content\/uploads\/2023\/10\/el-otono-300x166.jpg 300w, https:\/\/mesabuitrera.org\/wp-content\/uploads\/2023\/10\/el-otono.jpg 366w\" sizes=\"(max-width: 436px) 100vw, 436px\" \/><\/p><p>Cuenta con un acueducto propio, AcuaOto\u00f1o, el cual suministra agua al 70% de estas viviendas.<\/p><p>Sus principales dificultades: La deforestaci\u00f3n y los desastres ambientales a causa de intereses privados, la falta de programas econ\u00f3micos, la falta de mantenimiento de la v\u00eda y construcci\u00f3n de canaletas de aguas lluvias.<\/p><p>\u201cLa carretera es bastante rudimentaria; circulan solamente las gualas y los camperos altos 4\u00d74. Este a\u00f1o, una vertiente del Rio Lili provoc\u00f3 un derrumbe en la carretera y aisl\u00f3 a los habitantes de la vereda. La comunidad hizo un muro de contenci\u00f3n, pero falta el del otro lado. Hemos contactado a Infraestructura municipal, pero hacen o\u00eddos sordos, dicen que no hay presupuesto\u201d.<\/p><p><strong>Realizaciones con la comunidad<\/strong><\/p><p>Primeramente, todo lo realizado es con aportes de la comunidad:<\/p><ul><li>Arreglo del sector de la carretera a la altura del Diamante.<\/li><li>Reparaci\u00f3n parcial de la carretera en la zona de derrumbe.<\/li><li>La instalaci\u00f3n de la energ\u00eda para el Puesto de Salud.<\/li><li>La organizaci\u00f3n de la fiesta de los ni\u00f1os, con regalos incluidos.<\/li><\/ul><p>Por realizar:<\/p><ul><li>Arreglar el puesto de salud (techo y paredes).<\/li><li>Construir la caseta comunal (\u201cya se tiene el lote\u201d).<\/li><li>Construir la iglesia.<\/li><\/ul><p>Queremos por otra parte desarrollar emprendimientos relacionados con el ecoturismo, para que los j\u00f3venes no abandonen la tierra.<\/p><p>Esta nueva junta ha recibido mucho apoyo de la comunidad, lo que parece ser una excepci\u00f3n a la regla.<\/p>\t\t\t\t\t\t\t\t<\/div>\n\t\t\t\t<\/div>\n\t\t\t\t\t<\/div>\n\t\t\t\t<\/div>\n\t\t\t\t<\/div>\n\t\t","protected":false},"excerpt":{"rendered":"<p>Junta de Acci\u00f3n Comunal &#8211; JAC, El Oto\u00f1o Herberth Gait\u00e1n Suplente: Carlos Alvarez \u201cSomos ricos, pero no todo el mundo lo sabe. Tenemos una gran riqueza h\u00eddrica, riqueza en fauna y flora, tenemos las mejores aves silvestres, las mejores mariposas de todos los colores, el aire 100 por ciento puro\u2026\u201d El Oto\u00f1o es una vereda [&hellip;]<\/p>\n","protected":false},"author":1,"featured_media":0,"parent":2631,"menu_order":0,"comment_status":"closed","ping_status":"closed","template":"","meta":{"_acf_changed":false,"om_disable_all_campaigns":false,"_monsterinsights_skip_tracking":false,"_monsterinsights_sitenote_active":false,"_monsterinsights_sitenote_note":"","_monsterinsights_sitenote_category":0,"footnotes":""},"class_list":["post-777","page","type-page","status-publish","hentry"],"acf":[],"aioseo_notices":[],"_links":{"self":[{"href":"https:\/\/mesabuitrera.org\/index.php\/wp-json\/wp\/v2\/pages\/777","targetHints":{"allow":["GET"]}}],"collection":[{"href":"https:\/\/mesabuitrera.org\/index.php\/wp-json\/wp\/v2\/pages"}],"about":[{"href":"https:\/\/mesabuitrera.org\/index.php\/wp-json\/wp\/v2\/types\/page"}],"author":[{"embeddable":true,"href":"https:\/\/mesabuitrera.org\/index.php\/wp-json\/wp\/v2\/users\/1"}],"replies":[{"embeddable":true,"href":"https:\/\/mesabuitrera.org\/index.php\/wp-json\/wp\/v2\/comments?post=777"}],"version-history":[{"count":21,"href":"https:\/\/mesabuitrera.org\/index.php\/wp-json\/wp\/v2\/pages\/777\/revisions"}],"predecessor-version":[{"id":4684,"href":"https:\/\/mesabuitrera.org\/index.php\/wp-json\/wp\/v2\/pages\/777\/revisions\/4684"}],"up":[{"embeddable":true,"href":"https:\/\/mesabuitrera.org\/index.php\/wp-json\/wp\/v2\/pages\/2631"}],"wp:attachment":[{"href":"https:\/\/mesabuitrera.org\/index.php\/wp-json\/wp\/v2\/media?parent=777"}],"curies":[{"name":"wp","href":"https:\/\/api.w.org\/{rel}","templated":true}]}}

Junta de Acción Comunal -JAC- vereda El Otoño &#8211; Herberth Gaitán   Suplente: Carlos Alvarez

<div data-elementor-type="wp-page" data-elementor-id="777" class="elementor elementor-777" data-elementor-post-type="page">
				<div class="elementor-element elementor-element-1eade79 e-flex e-con-boxed e-con e-parent" data-id="1eade79" data-element_type="container" data-e-type="container">
					<div class="e-con-inner">
				<div class="elementor-element elementor-element-e189fa9 elementor-widget elementor-widget-heading" data-id="e189fa9" data-element_type="widget" data-e-type="widget" data-widget_type="heading.default">
				<div class="elementor-widget-container">
					<h2 class="elementor-heading-title elementor-size-default">Junta de Acción Comunal - JAC,  El Otoño</h2>				</div>
				</div>
				<div class="elementor-element elementor-element-14d1740 elementor-widget elementor-widget-text-editor" data-id="14d1740" data-element_type="widget" data-e-type="widget" data-widget_type="text-editor.default">
				<div class="elementor-widget-container">
									<h5>Herberth Gaitán Suplente: Carlos Alvarez</h5>								</div>
				</div>
				<div class="elementor-element elementor-element-00c8f24 elementor-widget elementor-widget-text-editor" data-id="00c8f24" data-element_type="widget" data-e-type="widget" data-widget_type="text-editor.default">
				<div class="elementor-widget-container">
									<p>“Somos ricos, pero no todo el mundo lo sabe. Tenemos una gran riqueza hídrica, riqueza en fauna y flora, tenemos las mejores aves silvestres, las mejores mariposas de todos los colores, el aire 100 por ciento puro…” El Otoño es una vereda poco poblada al borde del Parque Nacional, donde habitan unas 50 familias.<img fetchpriority="high" decoding="async" class=" wp-image-783 alignright" src="http://mesabuitrera.org/wp-content/uploads/2023/10/el-otono-300x166.jpg" alt="" width="436" height="241" srcset="https://mesabuitrera.org/wp-content/uploads/2023/10/el-otono-300x166.jpg 300w, https://mesabuitrera.org/wp-content/uploads/2023/10/el-otono.jpg 366w" sizes="(max-width: 436px) 100vw, 436px" /></p><p>Cuenta con un acueducto propio, AcuaOtoño, el cual suministra agua al 70% de estas viviendas.</p><p>Sus principales dificultades: La deforestación y los desastres ambientales a causa de intereses privados, la falta de programas económicos, la falta de mantenimiento de la vía y construcción de canaletas de aguas lluvias.</p><p>“La carretera es bastante rudimentaria; circulan solamente las gualas y los camperos altos 4×4. Este año, una vertiente del Rio Lili provocó un derrumbe en la carretera y aisló a los habitantes de la vereda. La comunidad hizo un muro de contención, pero falta el del otro lado. Hemos contactado a Infraestructura municipal, pero hacen oídos sordos, dicen que no hay presupuesto”.</p><p><strong>Realizaciones con la comunidad</strong></p><p>Primeramente, todo lo realizado es con aportes de la comunidad:</p><ul><li>Arreglo del sector de la carretera a la altura del Diamante.</li><li>Reparación parcial de la carretera en la zona de derrumbe.</li><li>La instalación de la energía para el Puesto de Salud.</li><li>La organización de la fiesta de los niños, con regalos incluidos.</li></ul><p>Por realizar:</p><ul><li>Arreglar el puesto de salud (techo y paredes).</li><li>Construir la caseta comunal (“ya se tiene el lote”).</li><li>Construir la iglesia.</li></ul><p>Queremos por otra parte desarrollar emprendimientos relacionados con el ecoturismo, para que los jóvenes no abandonen la tierra.</p><p>Esta nueva junta ha recibido mucho apoyo de la comunidad, lo que parece ser una excepción a la regla.</p>								</div>
				</div>
					</div>
				</div>
				</div>

<p>Junta de Acción Comunal &#8211; JAC, El Otoño Herberth Gaitán Suplente: Carlos Alvarez “Somos ricos, pero no todo el mundo lo sabe. Tenemos una gran riqueza hídrica, riqueza en fauna y flora, tenemos las mejores aves silvestres, las mejores mariposas de todos los colores, el aire 100 por ciento puro…” El Otoño es una vereda [&hellip;]</p>
