{"id":831,"date":"2023-10-20T16:18:32","date_gmt":"2023-10-20T16:18:32","guid":{"rendered":"https:\/\/mesabuitrera.org\/?page_id=831"},"modified":"2026-01-28T21:07:02","modified_gmt":"2026-01-28T21:07:02","slug":"periodico-regional-la-casa-del-guatin","status":"publish","type":"page","link":"https:\/\/mesabuitrera.org\/index.php\/miembros\/instituciones-y-fundaciones\/periodico-regional-la-casa-del-guatin\/","title":{"rendered":"Peri\u00f3dico regional La Casa del Guat\u00edn &#8211; Delegado: P. Conil    S: Arturo Piedrahita"},"content":{"rendered":"\t\t<div data-elementor-type=\"wp-page\" data-elementor-id=\"831\" class=\"elementor elementor-831\" data-elementor-post-type=\"page\">\n\t\t\t\t<div class=\"elementor-element elementor-element-9b1d2e2 e-con-full e-flex e-con e-parent\" data-id=\"9b1d2e2\" data-element_type=\"container\" data-e-type=\"container\">\n\t\t<div class=\"elementor-element elementor-element-311c684 e-con-full e-flex e-con e-child\" data-id=\"311c684\" data-element_type=\"container\" data-e-type=\"container\">\n\t\t\t\t<div class=\"elementor-element elementor-element-85f329e elementor-widget elementor-widget-image\" data-id=\"85f329e\" data-element_type=\"widget\" data-e-type=\"widget\" data-widget_type=\"image.default\">\n\t\t\t\t<div class=\"elementor-widget-container\">\n\t\t\t\t\t\t\t\t\t\t\t\t\t\t\t\t<a href=\"https:\/\/lacasadelguatin.co\/\">\n\t\t\t\t\t\t\t<img fetchpriority=\"high\" decoding=\"async\" width=\"1701\" height=\"488\" src=\"https:\/\/mesabuitrera.org\/wp-content\/uploads\/2024\/01\/cabezote.jpg\" class=\"attachment-full size-full wp-image-2375\" alt=\"\" srcset=\"https:\/\/mesabuitrera.org\/wp-content\/uploads\/2024\/01\/cabezote.jpg 1701w, https:\/\/mesabuitrera.org\/wp-content\/uploads\/2024\/01\/cabezote-300x86.jpg 300w, https:\/\/mesabuitrera.org\/wp-content\/uploads\/2024\/01\/cabezote-1024x294.jpg 1024w, https:\/\/mesabuitrera.org\/wp-content\/uploads\/2024\/01\/cabezote-768x220.jpg 768w, https:\/\/mesabuitrera.org\/wp-content\/uploads\/2024\/01\/cabezote-1536x441.jpg 1536w\" sizes=\"(max-width: 1701px) 100vw, 1701px\" \/>\t\t\t\t\t\t\t\t<\/a>\n\t\t\t\t\t\t\t\t\t\t\t\t\t\t\t<\/div>\n\t\t\t\t<\/div>\n\t\t\t\t<div class=\"elementor-element elementor-element-bff7451 elementor-widget elementor-widget-video\" data-id=\"bff7451\" data-element_type=\"widget\" data-e-type=\"widget\" data-settings=\"{&quot;youtube_url&quot;:&quot;https:\\\/\\\/youtu.be\\\/0edRITeiuEg?si=hGM_qE59sLWKcAIl&quot;,&quot;video_type&quot;:&quot;youtube&quot;,&quot;controls&quot;:&quot;yes&quot;}\" data-widget_type=\"video.default\">\n\t\t\t\t<div class=\"elementor-widget-container\">\n\t\t\t\t\t\t\t<div class=\"elementor-wrapper elementor-open-inline\">\n\t\t\t<div class=\"elementor-video\"><\/div>\t\t<\/div>\n\t\t\t\t\t\t<\/div>\n\t\t\t\t<\/div>\n\t\t\t\t<div class=\"elementor-element elementor-element-74efad0 elementor-widget elementor-widget-text-editor\" data-id=\"74efad0\" data-element_type=\"widget\" data-e-type=\"widget\" data-widget_type=\"text-editor.default\">\n\t\t\t\t<div class=\"elementor-widget-container\">\n\t\t\t\t\t\t\t\t\t<p>\u00a0El peri\u00f3dico local de La Buitrera naci\u00f3 en el a\u00f1o 2021 y ha sido merecedor de dos importantes premios regionales:<\/p>\t\t\t\t\t\t\t\t<\/div>\n\t\t\t\t<\/div>\n\t\t\t\t<\/div>\n\t\t\t\t<\/div>\n\t\t<div class=\"elementor-element elementor-element-68e6eab e-flex e-con-boxed e-con e-parent\" data-id=\"68e6eab\" data-element_type=\"container\" data-e-type=\"container\">\n\t\t\t\t\t<div class=\"e-con-inner\">\n\t\t<div class=\"elementor-element elementor-element-86041cd e-con-full e-flex e-con e-child\" data-id=\"86041cd\" data-element_type=\"container\" data-e-type=\"container\">\n\t\t\t\t<div class=\"elementor-element elementor-element-0560068 elementor-position-top elementor-widget elementor-widget-image-box\" data-id=\"0560068\" data-element_type=\"widget\" data-e-type=\"widget\" data-widget_type=\"image-box.default\">\n\t\t\t\t<div class=\"elementor-widget-container\">\n\t\t\t\t\t<div class=\"elementor-image-box-wrapper\"><figure class=\"elementor-image-box-img\"><a href=\"http:\/\/mesabuitrera.org\/wp-content\/uploads\/2024\/01\/premio1-300x205-1.webp\" tabindex=\"-1\"><img decoding=\"async\" width=\"300\" height=\"205\" src=\"https:\/\/mesabuitrera.org\/wp-content\/uploads\/2024\/01\/premio1-300x205-1.webp\" class=\"attachment-full size-full wp-image-2575\" alt=\"\" \/><\/a><\/figure><div class=\"elementor-image-box-content\"><h3 class=\"elementor-image-box-title\"><a href=\"http:\/\/mesabuitrera.org\/wp-content\/uploads\/2024\/01\/premio1-300x205-1.webp\">2022: Premio Gerardo Bedoya de periodismo comunitario<\/a><\/h3><p class=\"elementor-image-box-description\">El 16 de febrero de 2022, nuestro peri\u00f3dico local \u201cLa Casa del Guatin\u201d gan\u00f3 el primer premio vallecaucano de periodismo \u201cGerardo Bedoya\u201d en la categor\u00eda de periodismo comunitario. <\/p><\/div><\/div>\t\t\t\t<\/div>\n\t\t\t\t<\/div>\n\t\t\t\t<\/div>\n\t\t<div class=\"elementor-element elementor-element-bd613ca e-con-full e-flex e-con e-child\" data-id=\"bd613ca\" data-element_type=\"container\" data-e-type=\"container\">\n\t\t\t\t<div class=\"elementor-element elementor-element-19b5f38 elementor-position-top elementor-widget elementor-widget-image-box\" data-id=\"19b5f38\" data-element_type=\"widget\" data-e-type=\"widget\" data-widget_type=\"image-box.default\">\n\t\t\t\t<div class=\"elementor-widget-container\">\n\t\t\t\t\t<div class=\"elementor-image-box-wrapper\"><figure class=\"elementor-image-box-img\"><a href=\"http:\/\/mesabuitrera.org\/wp-content\/uploads\/2024\/01\/placa.webp\" tabindex=\"-1\"><img decoding=\"async\" width=\"648\" height=\"828\" src=\"https:\/\/mesabuitrera.org\/wp-content\/uploads\/2024\/01\/placa-1.webp\" class=\"attachment-full size-full wp-image-2585\" alt=\"\" srcset=\"https:\/\/mesabuitrera.org\/wp-content\/uploads\/2024\/01\/placa-1.webp 648w, https:\/\/mesabuitrera.org\/wp-content\/uploads\/2024\/01\/placa-1-235x300.webp 235w\" sizes=\"(max-width: 648px) 100vw, 648px\" \/><\/a><\/figure><div class=\"elementor-image-box-content\"><h3 class=\"elementor-image-box-title\"><a href=\"http:\/\/mesabuitrera.org\/wp-content\/uploads\/2024\/01\/placa.webp\">2023: Premio C\u00edvico por una ciudad mejor<\/a><\/h3><p class=\"elementor-image-box-description\">La Casa del Guat\u00edn ganadora del Premio C\u00edvico por una Ciudad Mejor Cali, Palmira, Yumbo. El Premio C\u00edvico por una Ciudad Mejor, un galard\u00f3n que busca reconocer, impulsar y ampliar el impacto de iniciativas innovadoras, que sean construidas de forma colectiva y que trabajen por resolver problemas de sus comunidades.<\/p><\/div><\/div>\t\t\t\t<\/div>\n\t\t\t\t<\/div>\n\t\t\t\t<\/div>\n\t\t\t\t\t<\/div>\n\t\t\t\t<\/div>\n\t\t<div class=\"elementor-element elementor-element-9331be1 e-flex e-con-boxed e-con e-parent\" data-id=\"9331be1\" data-element_type=\"container\" data-e-type=\"container\">\n\t\t\t\t\t<div class=\"e-con-inner\">\n\t\t\t\t<div class=\"elementor-element elementor-element-8ae3adc elementor-align-center elementor-icon-list--layout-traditional elementor-list-item-link-full_width elementor-widget elementor-widget-icon-list\" data-id=\"8ae3adc\" data-element_type=\"widget\" data-e-type=\"widget\" data-widget_type=\"icon-list.default\">\n\t\t\t\t<div class=\"elementor-widget-container\">\n\t\t\t\t\t\t\t<ul class=\"elementor-icon-list-items\">\n\t\t\t\t\t\t\t<li class=\"elementor-icon-list-item\">\n\t\t\t\t\t\t\t\t\t\t\t<a href=\"https:\/\/lacasadelguatin.co\/\">\n\n\t\t\t\t\t\t\t\t\t\t\t<span class=\"elementor-icon-list-text\">lacasadelguatin.co<\/span>\n\t\t\t\t\t\t\t\t\t\t\t<\/a>\n\t\t\t\t\t\t\t\t\t<\/li>\n\t\t\t\t\t\t\t\t<li class=\"elementor-icon-list-item\">\n\t\t\t\t\t\t\t\t\t\t\t<a href=\"mailto:lacasadelguatin.co\">\n\n\t\t\t\t\t\t\t\t\t\t\t\t<span class=\"elementor-icon-list-icon\">\n\t\t\t\t\t\t\t<i aria-hidden=\"true\" class=\"fas fa-mail-bulk\"><\/i>\t\t\t\t\t\t<\/span>\n\t\t\t\t\t\t\t\t\t\t<span class=\"elementor-icon-list-text\">info@lacasadelguatin.co<\/span>\n\t\t\t\t\t\t\t\t\t\t\t<\/a>\n\t\t\t\t\t\t\t\t\t<\/li>\n\t\t\t\t\t\t<\/ul>\n\t\t\t\t\t\t<\/div>\n\t\t\t\t<\/div>\n\t\t\t\t\t<\/div>\n\t\t\t\t<\/div>\n\t\t\t\t<\/div>\n\t\t","protected":false},"excerpt":{"rendered":"<p>https:\/\/youtu.be\/0edRITeiuEg?si=hGM_qE59sLWKcAIl \u00a0El peri\u00f3dico local de La Buitrera naci\u00f3 en el a\u00f1o 2021 y ha sido merecedor de dos importantes premios regionales: 2022: Premio Gerardo Bedoya de periodismo comunitario El 16 de febrero de 2022, nuestro peri\u00f3dico local \u201cLa Casa del Guatin\u201d gan\u00f3 el primer premio vallecaucano de periodismo \u201cGerardo Bedoya\u201d en la categor\u00eda de periodismo [&hellip;]<\/p>\n","protected":false},"author":1,"featured_media":0,"parent":4666,"menu_order":0,"comment_status":"closed","ping_status":"closed","template":"","meta":{"_acf_changed":false,"om_disable_all_campaigns":false,"_monsterinsights_skip_tracking":false,"_monsterinsights_sitenote_active":false,"_monsterinsights_sitenote_note":"","_monsterinsights_sitenote_category":0,"footnotes":""},"class_list":["post-831","page","type-page","status-publish","hentry"],"acf":[],"aioseo_notices":[],"_links":{"self":[{"href":"https:\/\/mesabuitrera.org\/index.php\/wp-json\/wp\/v2\/pages\/831","targetHints":{"allow":["GET"]}}],"collection":[{"href":"https:\/\/mesabuitrera.org\/index.php\/wp-json\/wp\/v2\/pages"}],"about":[{"href":"https:\/\/mesabuitrera.org\/index.php\/wp-json\/wp\/v2\/types\/page"}],"author":[{"embeddable":true,"href":"https:\/\/mesabuitrera.org\/index.php\/wp-json\/wp\/v2\/users\/1"}],"replies":[{"embeddable":true,"href":"https:\/\/mesabuitrera.org\/index.php\/wp-json\/wp\/v2\/comments?post=831"}],"version-history":[{"count":122,"href":"https:\/\/mesabuitrera.org\/index.php\/wp-json\/wp\/v2\/pages\/831\/revisions"}],"predecessor-version":[{"id":4925,"href":"https:\/\/mesabuitrera.org\/index.php\/wp-json\/wp\/v2\/pages\/831\/revisions\/4925"}],"up":[{"embeddable":true,"href":"https:\/\/mesabuitrera.org\/index.php\/wp-json\/wp\/v2\/pages\/4666"}],"wp:attachment":[{"href":"https:\/\/mesabuitrera.org\/index.php\/wp-json\/wp\/v2\/media?parent=831"}],"curies":[{"name":"wp","href":"https:\/\/api.w.org\/{rel}","templated":true}]}}

Periódico regional La Casa del Guatín &#8211; Delegado: P. Conil    S: Arturo Piedrahita

<div data-elementor-type="wp-page" data-elementor-id="831" class="elementor elementor-831" data-elementor-post-type="page">
				<div class="elementor-element elementor-element-9b1d2e2 e-con-full e-flex e-con e-parent" data-id="9b1d2e2" data-element_type="container" data-e-type="container">
		<div class="elementor-element elementor-element-311c684 e-con-full e-flex e-con e-child" data-id="311c684" data-element_type="container" data-e-type="container">
				<div class="elementor-element elementor-element-85f329e elementor-widget elementor-widget-image" data-id="85f329e" data-element_type="widget" data-e-type="widget" data-widget_type="image.default">
				<div class="elementor-widget-container">
																<a href="https://lacasadelguatin.co/">
							<img fetchpriority="high" decoding="async" width="1701" height="488" src="https://mesabuitrera.org/wp-content/uploads/2024/01/cabezote.jpg" class="attachment-full size-full wp-image-2375" alt="" srcset="https://mesabuitrera.org/wp-content/uploads/2024/01/cabezote.jpg 1701w, https://mesabuitrera.org/wp-content/uploads/2024/01/cabezote-300x86.jpg 300w, https://mesabuitrera.org/wp-content/uploads/2024/01/cabezote-1024x294.jpg 1024w, https://mesabuitrera.org/wp-content/uploads/2024/01/cabezote-768x220.jpg 768w, https://mesabuitrera.org/wp-content/uploads/2024/01/cabezote-1536x441.jpg 1536w" sizes="(max-width: 1701px) 100vw, 1701px" />								</a>
															</div>
				</div>
				<div class="elementor-element elementor-element-bff7451 elementor-widget elementor-widget-video" data-id="bff7451" data-element_type="widget" data-e-type="widget" data-settings="{&quot;youtube_url&quot;:&quot;https:\/\/youtu.be\/0edRITeiuEg?si=hGM_qE59sLWKcAIl&quot;,&quot;video_type&quot;:&quot;youtube&quot;,&quot;controls&quot;:&quot;yes&quot;}" data-widget_type="video.default">
				<div class="elementor-widget-container">
							<div class="elementor-wrapper elementor-open-inline">
			<div class="elementor-video"></div>		</div>
						</div>
				</div>
				<div class="elementor-element elementor-element-74efad0 elementor-widget elementor-widget-text-editor" data-id="74efad0" data-element_type="widget" data-e-type="widget" data-widget_type="text-editor.default">
				<div class="elementor-widget-container">
									<p> El periódico local de La Buitrera nació en el año 2021 y ha sido merecedor de dos importantes premios regionales:</p>								</div>
				</div>
				</div>
				</div>
		<div class="elementor-element elementor-element-68e6eab e-flex e-con-boxed e-con e-parent" data-id="68e6eab" data-element_type="container" data-e-type="container">
					<div class="e-con-inner">
		<div class="elementor-element elementor-element-86041cd e-con-full e-flex e-con e-child" data-id="86041cd" data-element_type="container" data-e-type="container">
				<div class="elementor-element elementor-element-0560068 elementor-position-top elementor-widget elementor-widget-image-box" data-id="0560068" data-element_type="widget" data-e-type="widget" data-widget_type="image-box.default">
				<div class="elementor-widget-container">
					<div class="elementor-image-box-wrapper"><figure class="elementor-image-box-img"><a href="http://mesabuitrera.org/wp-content/uploads/2024/01/premio1-300x205-1.webp" tabindex="-1"><img decoding="async" width="300" height="205" src="https://mesabuitrera.org/wp-content/uploads/2024/01/premio1-300x205-1.webp" class="attachment-full size-full wp-image-2575" alt="" /></a></figure><div class="elementor-image-box-content"><h3 class="elementor-image-box-title"><a href="http://mesabuitrera.org/wp-content/uploads/2024/01/premio1-300x205-1.webp">2022: Premio Gerardo Bedoya de periodismo comunitario</a></h3><p class="elementor-image-box-description">El 16 de febrero de 2022, nuestro periódico local “La Casa del Guatin” ganó el primer premio vallecaucano de periodismo “Gerardo Bedoya” en la categoría de periodismo comunitario. </p></div></div>				</div>
				</div>
				</div>
		<div class="elementor-element elementor-element-bd613ca e-con-full e-flex e-con e-child" data-id="bd613ca" data-element_type="container" data-e-type="container">
				<div class="elementor-element elementor-element-19b5f38 elementor-position-top elementor-widget elementor-widget-image-box" data-id="19b5f38" data-element_type="widget" data-e-type="widget" data-widget_type="image-box.default">
				<div class="elementor-widget-container">
					<div class="elementor-image-box-wrapper"><figure class="elementor-image-box-img"><a href="http://mesabuitrera.org/wp-content/uploads/2024/01/placa.webp" tabindex="-1"><img decoding="async" width="648" height="828" src="https://mesabuitrera.org/wp-content/uploads/2024/01/placa-1.webp" class="attachment-full size-full wp-image-2585" alt="" srcset="https://mesabuitrera.org/wp-content/uploads/2024/01/placa-1.webp 648w, https://mesabuitrera.org/wp-content/uploads/2024/01/placa-1-235x300.webp 235w" sizes="(max-width: 648px) 100vw, 648px" /></a></figure><div class="elementor-image-box-content"><h3 class="elementor-image-box-title"><a href="http://mesabuitrera.org/wp-content/uploads/2024/01/placa.webp">2023: Premio Cívico por una ciudad mejor</a></h3><p class="elementor-image-box-description">La Casa del Guatín ganadora del Premio Cívico por una Ciudad Mejor Cali, Palmira, Yumbo. El Premio Cívico por una Ciudad Mejor, un galardón que busca reconocer, impulsar y ampliar el impacto de iniciativas innovadoras, que sean construidas de forma colectiva y que trabajen por resolver problemas de sus comunidades.</p></div></div>				</div>
				</div>
				</div>
					</div>
				</div>
		<div class="elementor-element elementor-element-9331be1 e-flex e-con-boxed e-con e-parent" data-id="9331be1" data-element_type="container" data-e-type="container">
					<div class="e-con-inner">
				<div class="elementor-element elementor-element-8ae3adc elementor-align-center elementor-icon-list--layout-traditional elementor-list-item-link-full_width elementor-widget elementor-widget-icon-list" data-id="8ae3adc" data-element_type="widget" data-e-type="widget" data-widget_type="icon-list.default">
				<div class="elementor-widget-container">
							<ul class="elementor-icon-list-items">
							<li class="elementor-icon-list-item">
											<a href="https://lacasadelguatin.co/">

											<span class="elementor-icon-list-text">lacasadelguatin.co</span>
											</a>
									</li>
								<li class="elementor-icon-list-item">
											<a href="mailto:lacasadelguatin.co">

												<span class="elementor-icon-list-icon">
							<i aria-hidden="true" class="fas fa-mail-bulk"></i>						</span>
										<span class="elementor-icon-list-text">info@lacasadelguatin.co</span>
											</a>
									</li>
						</ul>
						</div>
				</div>
					</div>
				</div>
				</div>

<p>https://youtu.be/0edRITeiuEg?si=hGM_qE59sLWKcAIl  El periódico local de La Buitrera nació en el año 2021 y ha sido merecedor de dos importantes premios regionales: 2022: Premio Gerardo Bedoya de periodismo comunitario El 16 de febrero de 2022, nuestro periódico local “La Casa del Guatin” ganó el primer premio vallecaucano de periodismo “Gerardo Bedoya” en la categoría de periodismo [&hellip;]</p>
